j) = j**3 - 3 - 5*j**2 - j - 3*j + 0*j. Calculate o(t).
9
Let t(q) be the third derivative of q**8/20160 + q**6/360 + q**5/20 - 4*q**2. Let s(c) be the third derivative of t(c). Calculate s(0).
2
Let v(h) = -h**3 + 10*h**2 + 2*h + 11. Let x(j) = j**3 - 9*j**2 - 3*j - 10. Let t(u) = 4*v(u) + 5*x(u). Calculate t(6).
-12
Let h(r) = 2. Let i(f) = -1. Let w(j) = -j + 1. Let v(o) = i(o) + w(o). Let x(z) = -h(z) + v(z). Let c(u) = -u**2 - 2*u - 2. Let m be c(-2). Give x(m).
0
Let g(k) be the second derivative of -k**2/2 + 2*k. Let b(w) = -3*w + 4. Let o = -134 + 135. Let f(y) = o*b(y) + 4*g(y). Calculate f(-2).
6
Suppose -21 = 3*n - 30. Let j = n - 1. Let b(x) be the first derivative of x**4/4 + x**3/3 - x**2/2 + x + 2. What is b(j)?
11
Let n(a) be the second derivative of a**3/3 + a**2 - 140*a - 1. Let m = 7 - 12. Determine n(m).
-8
Let w(o) be the third derivative of o**5/60 + o**4/12 - o**3/2 + o**2 + 24*o. What is w(5)?
32
Let s(r) = -r**3 - 5*r**2 + 2*r + 3. Suppose -2 = -3*p - 11. Let q be (104/(-12))/((-2)/p). Let h = q + 8. Determine s(h).
-7
Let u(v) = -v**3 - 16*v**2 + 4*v + 70. Let q be u(-16). Let h(b) = b**2 - 5*b - 8. Give h(q).
-2
Let l(n) = n**2 - 2*n - 4. Suppose -22*y = -21*y - 4. Determine l(y).
4
Let a(h) = -3*h + 1. Let s be a(-5). Let f = -30 + s. Let z be 4/f*(10 + -17). Let k(r) = r**3 - r**2 + 3*r - 1. Calculate k(z).
9
Let m(a) = -a**2 - 19*a + 3. Let w(z) = 2*z**2 + 36*z - 7. Let i(s) = -7*m(s) - 4*w(s). Determine i(-8).
31
Let f(z) = z**2 - z + 1. Suppose 3*w - 11 - 10 = 0. Suppose -w = -3*d + 8. Suppose 0 = -5*h - d*t - 0*t - 5, -5 = 5*t. Give f(h).
1
Let h(f) = f**2 + 18*f + 34. Suppose -3*x + 70 = -4*t, 4*x + 20 + 4 = -2*t. Let c be h(t). Let q(a) = -2*a**2 + a + 2. Calculate q(c).
-4
Let l(w) = -w**3 + 3*w**2 - 13. Let h(s) = s**3 - 4*s**2 + 13. Let v(d) = -3*d - 24. Let g be v(-7). Let f(o) = g*h(o) - 4*l(o). Calculate f(0).
13
Let k(x) = 7*x + 38. Let z(t) = -t**3 + 11*t - 12. Let m be z(3). What is k(m)?
-4
Let p(k) = -2*k**3 + 1. Suppose -3*m = -4*j - 24, j + 2*m - 5 = -0*j. Calculate p(j).
55
Suppose -7 = 5*x + 2*m - 31, -2*x - 3*m = -3. Let c(n) = -n**3 + 7*n**2 - 3*n - 7. What is c(x)?
11
Let m(a) = a - 11. Suppose -14*k = -15*k - 2*o - 16, -2*o - 6 = 0. Determine m(k).
-21
Let y(s) = -3*s + 11. Suppose 29*z = -41 + 273. Determine y(z).
-13
Let t(p) be the third derivative of 0*p**4 + 4*p**2 + 0 + 1/30*p**5 + 0*p**3 + 0*p. Give t(-1).
2
Suppose 0 = d + 5*g + 5, 5*g + 2 = -2*d - 3. Let i = 0 + d. Let k(u) = -335*u - 332*u - 335*u - u**2 - 341*u + u**3 + 1344*u + 3. What is k(i)?
3
Let n(h) = -h**2 - 12*h + 16. Suppose 7*b + 19 = -79. What is n(b)?
-12
Let p(r) = -5*r + 0 + 2*r + 4*r + 7. Let y(v) = v**3 + 13*v**2 + v + 18. Let f be y(-13). Suppose f*k + 15 = -2*b, -5 = 4*b + 2*k + 1. Determine p(b).
7
Let a(l) = l**3 + 6*l**2 + 8*l - 5. Let i be a(-4). Let y be i + (7 - (-4 - -8)). Let x be 3/y*(5 + -3). Let b(f) = -f**2 - f - 1. Calculate b(x).
-7
Let x be 3 + (-3 + 9)/(-2). Suppose x = s + s - 4. Let y(v) = 17*v**2 - 4*v + 13. Let p(w) = -8*w**2 + 2*w - 6. Let f(a) = -13*p(a) - 6*y(a). Calculate f(s).
4
Let j(w) = -6*w + 1. Let k(y) = y**2 - y + 7. Let t be k(3). Let z(n) = 4 + 4 - 7 + n - t*n. Let g(o) = 5*j(o) - 2*z(o). What is g(3)?
-15
Suppose 0 = -5*a + 56 - 16. Let u(i) = i**2 - 7*i + 2. Let k be u(7). Let c = k - a. Let n(r) = r**3 + 6*r**2 - r + 1. Calculate n(c).
7
Suppose -6 = 3*n, 2*i - 2*n + 28 + 16 = 0. Let s = -22 - i. Let o(x) = 3 - 2*x + 19*x**3 - s*x**2 - 4 - 23*x**3. Determine o(-1).
3
Let z(f) = -2*f**3 - 10*f**2 + 3*f + 20. Let q be z(-5). Let j(o) = -o**3 + 5*o**2 - o + 2. What is j(q)?
-3
Suppose -366*x = -344*x - 176. Let z(i) = i**2 - 9*i + 4. Calculate z(x).
-4
Let i(t) = t**3 - 12*t**2 + 8. Let b = 638 - 626. What is i(b)?
8
Let p(c) be the first derivative of c**3/2 - 2*c**2 - 22*c - 8. Let m(r) be the first derivative of p(r). Determine m(3).
5
Let w(c) = -23*c**2 - 2*c + 1. Let a be w(1). Suppose 0 = 5*s - 144 + 34. Let j = a + s. Let o(r) = -3*r - 2. Calculate o(j).
4
Let a(w) be the second derivative of -7*w**4/6 + 5*w**3/6 + 6*w**2 + 3*w. Let q(r) = 5*r**2 - 2*r - 4. Let p(d) = 6*a(d) + 17*q(d). What is p(5)?
9
Suppose -y + 5 = -0*y. Let g be (4/(-6))/((-2)/6). Let f(x) = 2 + 7*x**2 - 9*x**g + 0 + x**3 - 3*x**2. What is f(y)?
2
Let b(j) = -15*j + j**2 + 6 + 8*j**2 + 9 - j**3 + 3*j**2. Determine b(11).
-29
Let u be 2 - (8 + 0 + -2). Suppose 28 - 14 = 7*h. Let f(k) = 9*k - 2 - 3*k + k**2 + h*k - 3*k. Determine f(u).
-6
Let m(p) be the third derivative of -p**5/60 + p**4/4 - p**3/3 - 25*p**2. Let k be (2 - (-6)/(-8))*4. Give m(k).
3
Let m(k) be the third derivative of k**7/2520 + k**6/720 - k**5/120 + k**4/4 + k**2. Let x(d) be the second derivative of m(d). Calculate x(3).
11
Suppose 2*r - 36 = -2*r. Suppose -8*f + 6 = -10. Suppose 5*t = 4*z - 19, 5*t = f*t - r. Let s(v) = 5*v**3 + v. Determine s(z).
6
Let u(k) = 10*k - 7. Let y(m) = -7*m + 5. Let n(t) = -5*u(t) - 7*y(t). Let c(s) = s**3 + 5*s**2 + s + 1. Let i be ((-30)/12)/(1/2). Let f be c(i). Give n(f).
4
Let n(d) = -d + 6. Suppose 8 = 5*i + 113. Let s = i - -27. Suppose 0 = f - s. Calculate n(f).
0
Let r(a) be the first derivative of -a**4/4 + 5*a**3/3 + 6*a - 413. Give r(6).
-30
Suppose 1 - 14 = -a - 3*j, -4*a + 25 = 3*j. Suppose -7 = -3*f - 2*b, 18 = 3*f - f - 2*b. Let i(s) = f*s**2 + 96 - 6*s**2 - 101 + 7*s. Calculate i(a).
7
Let s = -8 + 13. Let m(r) = r - 3. Let t be m(5). Let q(v) = -7*v + 6 + 10*v**t - 20*v**2 + 11*v**2. Calculate q(s).
-4
Let s be -2*(54/4)/3. Let u = 3 + s. Let g(a) = a**2 + 8*a + 8. Determine g(u).
-4
Let r(x) = -x - 1. Let b(v) = v - 8. Let p(z) = 3*b(z) + 6*r(z). Calculate p(-9).
-3
Let x(g) = -5*g + 7. Let o(b) = -3*b. Let l(j) = 2*o(j) - x(j). Let t(p) = -p**3 - 13*p**2 - 11*p + 12. Let v be t(-12). Calculate l(v).
-7
Let h be (-2)/(-2) - 0/7. Let s(m) = -39*m + 1. What is s(h)?
-38
Suppose 3*l = 10 - 25. Let j = 11 - 4. Let r(s) = 5*s**2 + 2 - 4*s**2 + 0*s**2 + j*s. Calculate r(l).
-8
Let t(h) be the first derivative of 18*h - 5*h**2 - 5/2*h**4 + 1 + 4/3*h**3. Let b(u) = 3*u**3 - u**2 + 3*u - 6. Let i(k) = 7*b(k) + 2*t(k). Determine i(0).
-6
Let v(c) = c + 3. Let g = -21 - -43. Let z = -22 + g. Suppose 2*m - 4*d + 12 = z, 3*m + 0*m + 2*d = -18. What is v(m)?
-3
Let s(q) = -q. Let g be s(6). Let o(a) = -7*a - 8. Let h(p) = -20*p - 25. Let b(m) = 6*h(m) - 17*o(m). What is b(g)?
-8
Let r(w) = 4*w**2 - 2*w + 1. Suppose 6*u = 5*u + 3. Suppose 5*t - u*t = 2*h + 8, 0 = 4*t - 2*h - 8. Suppose 2*q + t = 2. Determine r(q).
3
Let g(h) = -5*h**3 - 4*h**2 - h - 10. Let x(o) = -4*o**3 - 2*o**2 - 10. Let f(l) = -5*g(l) + 6*x(l). Calculate f(-7).
4
Let d be (-3)/1*2/(-3). Let h(s) = -3*s**2 - d + 5 - 4 - s**3 - s. Suppose 0 = 71*f - 13 + 226. What is h(f)?
2
Let p = 12 - 27. Let j = -11 - p. Let v(z) = -7*z**3 + 6*z**2 + 13*z + 1. Let d(g) = -3*g**3 + 3*g**2 + 6*g. Let n(y) = 5*d(y) - 2*v(y). Give n(j).
-2
Let y(m) = -2 - 2*m**3 + 5*m - 4*m**2 + 0*m - 4*m - 4*m. Let d = -486 - -484. Give y(d).
4
Let j(a) = -a**2 + a - 1. Let w be ((-2448)/(-15))/12 - 2/(-5). Let t(v) be the first derivative of v**2/2 - 12*v + 1. Let u be t(w). What is j(u)?
-3
Suppose 6*a - 25 = 11*a. Let m(r) = 12 - 4 + 3*r - 2 + 6*r**2 + r**3. What is m(a)?
16
Let c(k) = k**3 - k**2 - k - 1. Let t be 5/15*(-2 + 5)*-1. Let o(a) = 5*a**3 - 11*a**2 + 3*a - 12. Let v(r) = t*o(r) + 4*c(r). Give v(6).
2
Let z(c) = -5*c**2 + 12*c + 19. Let i(k) = 2*k**2 - 6*k - 9. Let s = 39 + -32. Let y(v) = s*i(v) + 3*z(v). Calculate y(-5).
-1
Let h(u) = -u**2 - 15*u. Let m = -622 + 607. Determine h(m).
0
Let r = -34 - -56. Let i be ((-128)/r + 8/(-44))*1. Let k(j) = -j**3 - 6*j**2 + 2. Calculate k(i).
2
Suppose -w - 9 = -i + 5*i, -4*i = 12. Suppose -t + 3*l + 3 - 17 = 0, 5*l - 22 = w*t. Let x(j) = -4*j**3 - j**2. What is x(t)?
-5
Let j = 152 - 153. Let c(b) = 10*b**3 - 2*b**2 + 1. What is c(j)?
-11
Let s be -1 + -5 + -14 + 5 + 13. Let a(i) be the first derivative of -5*i**3/3 - 3*i**2/2 - 2*i - 2. What is a(s)?
-16
Let o(f) = -f**2 - 12*f - 9. Let m be o(-11). Suppose -l - m = -5*s - 1, -4*l = -3*s - 13. Let j(q) = 4*q + l*q**2 + q**2 - 3*q**2 - q. What is j(-2)?
2
Let d = 27 - 21. Let m(f) = -3 + 12*f - d*f - 5*f. Determine m(3).
0
Let z(t) = -205*t + 4 + 6